{"id":3771,"date":"2018-09-07T15:09:49","date_gmt":"2018-09-07T15:09:49","guid":{"rendered":"http:\/\/ulc.edu.pe\/?page_id=3771"},"modified":"2022-09-29T23:56:27","modified_gmt":"2022-09-29T23:56:27","slug":"oficina-de-clinica-odontologica","status":"publish","type":"page","link":"https:\/\/ulc.edu.pe\/ulcWeb\/oficina-de-clinica-odontologica\/","title":{"rendered":"Oficina de Cl\u00ednica Odontol\u00f3gica"},"content":{"rendered":"<div class=\"wpb-content-wrapper\">[vc_row full_width=&#8221;stretch_row&#8221; css=&#8221;.vc_custom_1536700034987{padding-top: 250px !important;padding-bottom: 50px !important;background-image: url(http:\/\/ulc.edu.pe\/ulcWeb\/wp-content\/uploads\/2018\/09\/ULC_LOGO_Oficina-de-Oficina-de-Clinica_BANER.jpg?id=3933) !important;background-position: center !important;background-repeat: no-repeat !important;background-size: cover !important;}&#8221; el_class=&#8221;overlay fixed_bg&#8221;][vc_column][vc_custom_heading text=&#8221;Cl\u00ednica Odontol\u00f3gica Docente Asistencial&#8221; font_container=&#8221;tag:h1|text_align:left|color:%23ffffff&#8221; use_theme_fonts=&#8221;yes&#8221; subtitle_color=&#8221;#ffffff&#8221; subtitle=&#8221;Sonrisa para Todos&#8221;][\/vc_column][\/vc_row][vc_row][vc_column width=&#8221;2\/3&#8243;][vc_column_text][\/vc_column_text][vc_tta_tour active_section=&#8221;1&#8243; color=&#8221;juicy-pink&#8221;][vc_tta_section title=&#8221;Presentaci\u00f3n&#8221; tab_id=&#8221;1534871309621-c2172cfb-bdc1&#8243;][vc_text_separator title=&#8221;Definici\u00f3n&#8221; title_align=&#8221;separator_align_left&#8221; align=&#8221;align_left&#8221; color=&#8221;juicy_pink&#8221; border_width=&#8221;2&#8243;][vc_column_text]La Cl\u00ednica Odontol\u00f3gica Docente Asistencial de la Universidad Latinoamericana CIMA inici\u00f3 en el a\u00f1o 2015 con el prop\u00f3sito de formar profesionales de salud con una s\u00f3lida preparaci\u00f3n cient\u00edfica y human\u00edstica, brindando servicios para la mantenci\u00f3n de la salud bucal mediante prevenci\u00f3n, diagn\u00f3stico, tratamiento y rehabilitaci\u00f3n del sistema estomatogn\u00e1tico en el contexto de la salud integral, tanto individual como colectiva.<\/p>\n<p>As\u00ed mismos realizamos tratamientos odontol\u00f3gicos de calidad, con todos los protocolos de seguridad y bioseguridad, para la poblaci\u00f3n tacne\u00f1a, guiados por un excelente grupo de docentes que velan por la calidad de los procedimientos c\u00ednicos.[\/vc_column_text][\/vc_tta_section][vc_tta_section title=&#8221;Reglamentos y Documentos&#8221; tab_id=&#8221;1534891783884-77b152d5-4ed7&#8243;][vc_text_separator title=&#8221;Reglamentos&#8221; title_align=&#8221;separator_align_left&#8221; align=&#8221;align_left&#8221; color=&#8221;juicy_pink&#8221; border_width=&#8221;2&#8243;][vc_btn title=&#8221;`{`descargar`}` Reglamento Interno del Laboratorio de Cl\u00ednica y Cirug\u00eda&#8221; size=&#8221;sm&#8221; align=&#8221;left&#8221; i_icon_fontawesome=&#8221;fa fa-file-pdf-o&#8221; css_animation=&#8221;left-to-right&#8221; button_block=&#8221;true&#8221; add_icon=&#8221;true&#8221; el_class=&#8221;font-weight: normal&#8221; link=&#8221;url:https%3A%2F%2Fdrive.google.com%2Ffile%2Fd%2F1KsaPQqQ93exjpVsy__9MJHyHe8YOM1jD%2Fview%3Fusp%3Dsharing||target:%20_blank&#8221;][\/vc_tta_section][vc_tta_section title=&#8221;Servicios&#8221; tab_id=&#8221;1536121170921-baab26ef-d122&#8243;][vc_text_separator title=&#8221;Servicio de Adultos y Adolescentes&#8221; title_align=&#8221;separator_align_left&#8221; align=&#8221;align_left&#8221; color=&#8221;juicy_pink&#8221; border_width=&#8221;2&#8243;][vc_column_text]\n<ul>\n<li>Curaciones con resinas.<\/li>\n<li>Profilaxis y Destartraje.<\/li>\n<li>Extracciones simples y complejas.<\/li>\n<li>Endodoncias en dientes anteriores y posteriores.<\/li>\n<li>Placas radiogr\u00e1ficas apicales.<\/li>\n<li>Rehabilitaci\u00f3n: Coronas, Pernos, Puentes, Protesis, en otros.<\/li>\n<\/ul>\n[\/vc_column_text][vc_text_separator title=&#8221;Servicio de Ni\u00f1os&#8221; title_align=&#8221;separator_align_left&#8221; align=&#8221;align_left&#8221; color=&#8221;juicy_pink&#8221; border_width=&#8221;2&#8243;][vc_column_text]\n<ul>\n<li>Atenci\u00f3n preventiva: limpiezas, fluorizaciones y barnices.<\/li>\n<li>Curaciones con resinas e ion\u00f3mero.<\/li>\n<li>Extracciones simples.<\/li>\n<li>Pulpotom\u00edas y Pulpectomias.<\/li>\n<li>Placas radiogr\u00e1ficas apicales para ni\u00f1os.<\/li>\n<li>Otros tratamientos.<\/li>\n<\/ul>\n[\/vc_column_text][\/vc_tta_section][vc_tta_section title=&#8221;Organigrama&#8221; tab_id=&#8221;1536334997350-5d2e2d23-a813&#8243;][vc_text_separator title=&#8221;Organigrama&#8221; title_align=&#8221;separator_align_left&#8221; align=&#8221;align_left&#8221; color=&#8221;juicy_pink&#8221; border_width=&#8221;2&#8243;][vc_icon icon_fontawesome=&#8221;fa fa-user-secret&#8221; color=&#8221;juicy_pink&#8221; size=&#8221;lg&#8221; align=&#8221;center&#8221;][vc_custom_heading text=&#8221;DECANO DE LA FACULTAD DE ODONTOLOG\u00cdA&#8221; font_container=&#8221;tag:p|text_align:center&#8221; use_theme_fonts=&#8221;yes&#8221;][vc_icon icon_fontawesome=&#8221;fa fa-users&#8221; color=&#8221;juicy_pink&#8221; size=&#8221;lg&#8221; align=&#8221;center&#8221;][vc_custom_heading text=&#8221;DIRECCI\u00d3N DE LA CL\u00cdNICA ODONTOL\u00d3GICA DOCENTE ASISTENCIAL&#8221; font_container=&#8221;tag:p|text_align:center&#8221; use_theme_fonts=&#8221;yes&#8221;][vc_icon icon_fontawesome=&#8221;fa fa-users&#8221; color=&#8221;juicy_pink&#8221; size=&#8221;lg&#8221; align=&#8221;center&#8221;][vc_custom_heading text=&#8221;ADMINISTRACI\u00d3N DE LA CL\u00cdNICA ODONTOL\u00d3GICA DOCENTE ASISTENCIAL&#8221; font_container=&#8221;tag:p|text_align:center&#8221; use_theme_fonts=&#8221;yes&#8221;][vc_icon icon_fontawesome=&#8221;stm-user&#8221; color=&#8221;juicy_pink&#8221; size=&#8221;lg&#8221; align=&#8221;center&#8221;][vc_custom_heading text=&#8221;PERSONAL DE MANTENIMIENTO Y LIMPIEZA DE LA CL\u00cdNICA ODONTOL\u00d3GICA DOCENTE ASISTENCIAL&#8221; font_container=&#8221;tag:p|text_align:center&#8221; use_theme_fonts=&#8221;yes&#8221;][\/vc_tta_section][vc_tta_section title=&#8221;\u00c1rea de Ubicaci\u00f3n&#8221; tab_id=&#8221;1536671568164-1005cccc-a164&#8243;][vc_text_separator title=&#8221;\u00c1rea de Ubicaci\u00f3n&#8221; title_align=&#8221;separator_align_left&#8221; align=&#8221;align_left&#8221; color=&#8221;juicy_pink&#8221; border_width=&#8221;2&#8243;][vc_custom_heading text=&#8221;PABELL\u00d3N A &#8211; SEGUNDO PISO&#8221; font_container=&#8221;tag:h4|text_align:left&#8221; use_theme_fonts=&#8221;yes&#8221;][\/vc_tta_section][vc_tta_section title=&#8221;Horario de Atenci\u00f3n&#8221; tab_id=&#8221;Horario&#8221;][vc_text_separator title=&#8221;Horario de Atenci\u00f3n Pacientes&#8221; title_align=&#8221;separator_align_left&#8221; align=&#8221;align_left&#8221; color=&#8221;juicy_pink&#8221; border_width=&#8221;2&#8243;][vc_column_text]\n<table style=\"width: 100%; height: 264px;\">\n<tbody>\n<tr style=\"height: 48px;\">\n<td style=\"height: 48px; text-align: center;\"><strong>D\u00cdAS<\/strong><\/td>\n<td style=\"height: 48px; text-align: center;\"><strong>09:20 AM<br \/>\n12:40 AM<\/strong><\/td>\n<td style=\"height: 48px; text-align: center;\"><strong>02:00 PM<br \/>\n05:20 PM<\/strong><\/td>\n<td style=\"height: 48px; text-align: center;\"><strong>08:40 AM<br \/>\n12:00 AM<\/strong><\/td>\n<\/tr>\n<tr style=\"height: 24px;\">\n<td style=\"height: 24px; text-align: center;\">LUNES<\/td>\n<td style=\"height: 24px; text-align: center;\">ATENCI\u00d3N GENERAL<\/td>\n<td style=\"height: 24px; text-align: center;\">ATENCI\u00d3N GENERAL<\/td>\n<td style=\"height: 24px; text-align: center;\">&#8211;<\/td>\n<\/tr>\n<tr style=\"height: 24px;\">\n<td style=\"height: 24px; text-align: center;\">MARTES<\/td>\n<td style=\"height: 24px; text-align: center;\">ATENCI\u00d3N GENERAL<\/td>\n<td style=\"height: 24px; text-align: center;\">ATENCI\u00d3N GENERAL<\/td>\n<td style=\"height: 24px; text-align: center;\">&#8211;<\/td>\n<\/tr>\n<tr style=\"height: 48px;\">\n<td style=\"height: 48px; text-align: center;\">MI\u00c9RCOLES<\/td>\n<td style=\"height: 48px; text-align: center;\">ATENCI\u00d3N GENERAL<\/td>\n<td style=\"height: 48px; text-align: center;\">ATENCI\u00d3N GENERAL<\/td>\n<td style=\"height: 48px; text-align: center;\">&#8211;<\/td>\n<\/tr>\n<tr style=\"height: 24px;\">\n<td style=\"height: 24px; text-align: center;\">JUEVES<\/td>\n<td style=\"height: 24px; text-align: center;\">ATENCI\u00d3N GENERAL<\/td>\n<td style=\"height: 24px; text-align: center;\">ATENCI\u00d3N GENERAL<\/td>\n<td style=\"height: 24px; text-align: center;\">&#8211;<\/td>\n<\/tr>\n<tr style=\"height: 48px;\">\n<td style=\"height: 48px; text-align: center;\">S\u00c1BADO<\/td>\n<td style=\"height: 48px; text-align: center;\">&#8211;<\/td>\n<td style=\"height: 48px; text-align: center;\">&#8211;<\/td>\n<td style=\"height: 48px; text-align: center;\">ATENCI\u00d3N S\u00d3LO NI\u00d1OS<\/td>\n<\/tr>\n<\/tbody>\n<\/table>\n[\/vc_column_text][vc_text_separator title=&#8221;Horario de Atenci\u00f3n Administrativa&#8221; title_align=&#8221;separator_align_left&#8221; align=&#8221;align_left&#8221; color=&#8221;juicy_pink&#8221; border_width=&#8221;2&#8243;][vc_column_text]\n<table style=\"width: 100%; height: 264px;\">\n<tbody>\n<tr style=\"height: 48px;\">\n<td style=\"height: 48px; text-align: center; width: 17.7419%;\"><strong>D\u00cdAS<\/strong><\/td>\n<td style=\"height: 48px; text-align: center; width: 25.6272%;\"><strong>09:00 AM<br \/>\n13:00 PM<\/strong><\/td>\n<td style=\"height: 48px; text-align: center; width: 25.6272%;\"><strong>02:00 PM<br \/>\n06:00 PM<\/strong><\/td>\n<td style=\"height: 48px; text-align: center; width: 28.853%;\"><strong>08:00 AM<br \/>\n12:00 PM<\/strong><\/td>\n<\/tr>\n<tr style=\"height: 24px;\">\n<td style=\"height: 24px; text-align: center; width: 17.7419%;\">LUNES<\/td>\n<td style=\"height: 24px; text-align: center; width: 25.6272%;\">ATENCI\u00d3N ADMINISTRATIVA<\/td>\n<td style=\"height: 24px; text-align: center; width: 25.6272%;\">ATENCI\u00d3N ADMINISTRATIVA<\/td>\n<td style=\"height: 24px; text-align: center; width: 28.853%;\">&#8211;<\/td>\n<\/tr>\n<tr style=\"height: 24px;\">\n<td style=\"height: 24px; text-align: center; width: 17.7419%;\">MARTES<\/td>\n<td style=\"height: 24px; text-align: center; width: 25.6272%;\">ATENCI\u00d3N ADMINISTRATIVA<\/td>\n<td style=\"height: 24px; text-align: center; width: 25.6272%;\">ATENCI\u00d3N ADMINISTRATIVA<\/td>\n<td style=\"height: 24px; text-align: center; width: 28.853%;\">&#8211;<\/td>\n<\/tr>\n<tr style=\"height: 48px;\">\n<td style=\"height: 48px; text-align: center; width: 17.7419%;\">MI\u00c9RCOLES<\/td>\n<td style=\"height: 48px; text-align: center; width: 25.6272%;\">ATENCI\u00d3N ADMINISTRATIVA<\/td>\n<td style=\"height: 48px; text-align: center; width: 25.6272%;\">ATENCI\u00d3N ADMINISTRATIVA<\/td>\n<td style=\"height: 48px; text-align: center; width: 28.853%;\">&#8211;<\/td>\n<\/tr>\n<tr style=\"height: 24px;\">\n<td style=\"height: 24px; text-align: center; width: 17.7419%;\">JUEVES<\/td>\n<td style=\"height: 24px; text-align: center; width: 25.6272%;\">ATENCI\u00d3N ADMINISTRATIVA<\/td>\n<td style=\"height: 24px; text-align: center; width: 25.6272%;\">ATENCI\u00d3N ADMINISTRATIVA<\/td>\n<td style=\"height: 24px; text-align: center; width: 28.853%;\">&#8211;<\/td>\n<\/tr>\n<tr style=\"height: 48px;\">\n<td style=\"height: 48px; text-align: center; width: 17.7419%;\">S\u00c1BADO<\/td>\n<td style=\"height: 48px; text-align: center; width: 25.6272%;\">&#8211;<\/td>\n<td style=\"height: 48px; text-align: center; width: 25.6272%;\">&#8211;<\/td>\n<td style=\"height: 48px; text-align: center; width: 28.853%;\">ATENCI\u00d3N ADMINISTRATIVA<\/td>\n<\/tr>\n<\/tbody>\n<\/table>\n[\/vc_column_text][\/vc_tta_section][vc_tta_section title=&#8221;Contacto&#8221; tab_id=&#8221;1574806179717-a1d73f70-3d53&#8243;][vc_text_separator title=&#8221;Puedes Comunicarte&#8221; title_align=&#8221;separator_align_left&#8221; align=&#8221;align_left&#8221; color=&#8221;juicy_pink&#8221; border_width=&#8221;2&#8243;][vc_row_inner][vc_column_inner width=&#8221;1\/2&#8243;][vc_custom_heading text=&#8221;Correo Electr\u00f3nico&#8221; font_container=&#8221;tag:h4|text_align:left&#8221; use_theme_fonts=&#8221;yes&#8221;][vc_column_text]\n<ul>\n<li>roviedo@ulc.edu.pe<\/li>\n<\/ul>\n[\/vc_column_text][\/vc_column_inner][vc_column_inner width=&#8221;1\/2&#8243;][vc_custom_heading text=&#8221;Tel\u00e9fono&#8221; font_container=&#8221;tag:h4|text_align:left&#8221; use_theme_fonts=&#8221;yes&#8221;][vc_column_text]\n<ul>\n<li>(052) 412140<\/li>\n<\/ul>\n[\/vc_column_text][\/vc_column_inner][\/vc_row_inner][\/vc_tta_section][vc_tta_section title=&#8221;Enviar Consulta Directa&#8221; tab_id=&#8221;1536335130794-9adc5c6f-ed46&#8243;][vc_text_separator title=&#8221;Puede enviar su consulta y nos pondremos en contacto&#8221; title_align=&#8221;separator_align_left&#8221; align=&#8221;align_left&#8221; color=&#8221;juicy_pink&#8221; border_width=&#8221;2&#8243;]\n<div class=\"wpcf7 no-js\" id=\"wpcf7-f3926-o1\" lang=\"es-PE\" dir=\"ltr\" data-wpcf7-id=\"3926\">\n<div class=\"screen-reader-response\"><p role=\"status\" aria-live=\"polite\" aria-atomic=\"true\"><\/p> <ul><\/ul><\/div>\n<form action=\"\/ulcWeb\/wp-json\/wp\/v2\/pages\/3771#wpcf7-f3926-o1\" method=\"post\" class=\"wpcf7-form init\" aria-label=\"Contact form\" novalidate=\"novalidate\" data-status=\"init\">\n<div style=\"display: none;\">\n<input type=\"hidden\" name=\"_wpcf7\" value=\"3926\" \/>\n<input type=\"hidden\" name=\"_wpcf7_version\" value=\"6.0.6\" \/>\n<input type=\"hidden\" name=\"_wpcf7_locale\" value=\"es_PE\" \/>\n<input type=\"hidden\" name=\"_wpcf7_unit_tag\" value=\"wpcf7-f3926-o1\" \/>\n<input type=\"hidden\" name=\"_wpcf7_container_post\" value=\"0\" \/>\n<input type=\"hidden\" name=\"_wpcf7_posted_data_hash\" value=\"\" \/>\n<\/div>\n<p><label> Ingresar Apellidos Nombres<br \/>\n<span class=\"wpcf7-form-control-wrap\" data-name=\"your-name\"><input size=\"40\" maxlength=\"400\" class=\"wpcf7-form-control wpcf7-text wpcf7-validates-as-required\" aria-required=\"true\" aria-invalid=\"false\" value=\"\" type=\"text\" name=\"your-name\" \/><\/span> <\/label>\n<\/p>\n<p><label> Correo Electr\u00f3nico<br \/>\n<span class=\"wpcf7-form-control-wrap\" data-name=\"your-email\"><input size=\"40\" maxlength=\"400\" class=\"wpcf7-form-control wpcf7-email wpcf7-validates-as-required wpcf7-text wpcf7-validates-as-email\" aria-required=\"true\" aria-invalid=\"false\" value=\"\" type=\"email\" name=\"your-email\" \/><\/span> <\/label>\n<\/p>\n<p><label> N\u00famero Telef\u00f3nico<br \/>\n<span class=\"wpcf7-form-control-wrap\" data-name=\"number-123\"><input class=\"wpcf7-form-control wpcf7-number wpcf7-validates-as-number\" min=\"6\" max=\"9\" aria-invalid=\"false\" value=\"\" type=\"number\" name=\"number-123\" \/><\/span> <\/label>\n<\/p>\n<p><label> Asunto<br \/>\n<span class=\"wpcf7-form-control-wrap\" data-name=\"your-subject\"><input size=\"40\" maxlength=\"400\" class=\"wpcf7-form-control wpcf7-text\" aria-invalid=\"false\" value=\"\" type=\"text\" name=\"your-subject\" \/><\/span> <\/label>\n<\/p>\n<p><label> Consulta<br \/>\n<span class=\"wpcf7-form-control-wrap\" data-name=\"your-message\"><textarea cols=\"40\" rows=\"10\" maxlength=\"2000\" class=\"wpcf7-form-control wpcf7-textarea\" aria-invalid=\"false\" name=\"your-message\"><\/textarea><\/span> <\/label>\n<\/p>\n<p><input class=\"wpcf7-form-control wpcf7-submit has-spinner\" type=\"submit\" value=\"Enviar Consulta a la Oficina\" \/>\n<\/p><div class=\"wpcf7-response-output\" aria-hidden=\"true\"><\/div>\n<\/form>\n<\/div>\n[\/vc_tta_section][\/vc_tta_tour][\/vc_column][vc_column width=&#8221;1\/3&#8243;][vc_column_text][\/vc_column_text][vc_text_separator title=&#8221;Facebook OFICIAL&#8221; title_align=&#8221;separator_align_left&#8221; align=&#8221;align_left&#8221; color=&#8221;juicy_pink&#8221; border_width=&#8221;2&#8243;][vc_raw_html]JTNDaWZyYW1lJTIwc3JjJTNEJTIyaHR0cHMlM0ElMkYlMkZ3d3cuZmFjZWJvb2suY29tJTJGcGx1Z2lucyUyRnBhZ2UucGhwJTNGaHJlZiUzRGh0dHBzJTI1M0ElMjUyRiUyNTJGd3d3LmZhY2Vib29rLmNvbSUyNTJGVUxDSU1BJTI2dGFicyUzRHRpbWVsaW5lJTI2d2lkdGglM0QzNDAlMjZoZWlnaHQlM0Q1MDAlMjZzbWFsbF9oZWFkZXIlM0RmYWxzZSUyNmFkYXB0X2NvbnRhaW5lcl93aWR0aCUzRHRydWUlMjZoaWRlX2NvdmVyJTNEZmFsc2UlMjZzaG93X2ZhY2VwaWxlJTNEdHJ1ZSUyNmFwcElkJTNEMjIzODIxNzgxNjQ3ODkwJTIyJTIwd2lkdGglM0QlMjIzNDAlMjIlMjBoZWlnaHQlM0QlMjI1MDAlMjIlMjBzdHlsZSUzRCUyMmJvcmRlciUzQW5vbmUlM0JvdmVyZmxvdyUzQWhpZGRlbiUyMiUyMHNjcm9sbGluZyUzRCUyMm5vJTIyJTIwZnJhbWVib3JkZXIlM0QlMjIwJTIyJTIwYWxsb3dUcmFuc3BhcmVuY3klM0QlMjJ0cnVlJTIyJTIwYWxsb3clM0QlMjJlbmNyeXB0ZWQtbWVkaWElMjIlM0UlM0MlMkZpZnJhbWUlM0U=[\/vc_raw_html][vc_facebook type=&#8221;button_count&#8221;][vc_text_separator title=&#8221;Fotos&#8221; title_align=&#8221;separator_align_left&#8221; align=&#8221;align_left&#8221; color=&#8221;juicy_pink&#8221; border_width=&#8221;2&#8243;][\/vc_column][\/vc_row][vc_row][vc_column width=&#8221;5\/6&#8243;][vc_column_text][\/vc_column_text][vc_text_separator title=&#8221;Eventos Relacionados&#8221; align=&#8221;align_left&#8221; color=&#8221;juicy_pink&#8221; border_width=&#8221;2&#8243;][\/vc_column][vc_column width=&#8221;1\/6&#8243;][vc_column_text][\/vc_column_text][vc_images_carousel images=&#8221;3933&#8243; img_size=&#8221;150&#215;150&#8243;][vc_text_separator title=&#8221;Ver Galeria&#8221; title_align=&#8221;separator_align_right&#8221; align=&#8221;align_left&#8221; color=&#8221;juicy_pink&#8221; border_width=&#8221;2&#8243;][\/vc_column][\/vc_row][vc_row css=&#8221;.vc_custom_1536337410984{background-color: #ffffff !important;}&#8221;][vc_column][vc_text_separator title=&#8221;Personal Encargado&#8221; align=&#8221;align_left&#8221; color=&#8221;juicy_pink&#8221; border_width=&#8221;2&#8243;][vc_row_inner][vc_column_inner][vc_single_image alignment=&#8221;center&#8221;][vc_custom_heading text=&#8221;Jefe de Laboratorios de Cl\u00ednica Odontol\u00f3gica&#8221; font_container=&#8221;tag:h4|text_align:center&#8221; use_theme_fonts=&#8221;yes&#8221; subtitle=&#8221;Sr. Rodrigo Oviedo Miranda&#8221;][\/vc_column_inner][\/vc_row_inner][vc_column_text]\n[\/vc_column_text][\/vc_column][\/vc_row]\n<\/div>","protected":false},"excerpt":{"rendered":"<p>[vc_row full_width=&#8221;stretch_row&#8221; css=&#8221;.vc_custom_1536700034987{padding-top: 250px !important;padding-bottom: 50px !important;background-image: url(http:\/\/ulc.edu.pe\/ulcWeb\/wp-content\/uploads\/2018\/09\/ULC_LOGO_Oficina-de-Oficina-de-Clinica_BANER.jpg?id=3933) !important;background-position: center !important;background-repeat: no-repeat !important;background-size: cover !important;}&#8221; el_class=&#8221;overlay fixed_bg&#8221;][vc_column][vc_custom_heading text=&#8221;Cl\u00ednica Odontol\u00f3gica Docente Asistencial&#8221; font_container=&#8221;tag:h1|text_align:left|color:%23ffffff&#8221; use_theme_fonts=&#8221;yes&#8221; subtitle_color=&#8221;#ffffff&#8221; subtitle=&#8221;Sonrisa para Todos&#8221;][\/vc_column][\/vc_row][vc_row][vc_column width=&#8221;2\/3&#8243;][vc_column_text][\/vc_column_text][vc_tta_tour active_section=&#8221;1&#8243; color=&#8221;juicy-pink&#8221;][vc_tta_section title=&#8221;Presentaci\u00f3n&#8221; tab_id=&#8221;1534871309621-c2172cfb-bdc1&#8243;][vc_text_separator title=&#8221;Definici\u00f3n&#8221; title_align=&#8221;separator_align_left&#8221; align=&#8221;align_left&#8221; color=&#8221;juicy_pink&#8221; border_width=&#8221;2&#8243;][vc_column_text]La Cl\u00ednica Odontol\u00f3gica Docente Asistencial de la Universidad Latinoamericana CIMA inici\u00f3 en el a\u00f1o 2015 con el prop\u00f3sito de [&hellip;]<\/p>\n","protected":false},"author":3,"featured_media":0,"parent":0,"menu_order":0,"comment_status":"closed","ping_status":"closed","template":"","meta":{"footnotes":""},"class_list":["post-3771","page","type-page","status-publish","hentry"],"_links":{"self":[{"href":"https:\/\/ulc.edu.pe\/ulcWeb\/wp-json\/wp\/v2\/pages\/3771","targetHints":{"allow":["GET"]}}],"collection":[{"href":"https:\/\/ulc.edu.pe\/ulcWeb\/wp-json\/wp\/v2\/pages"}],"about":[{"href":"https:\/\/ulc.edu.pe\/ulcWeb\/wp-json\/wp\/v2\/types\/page"}],"author":[{"embeddable":true,"href":"https:\/\/ulc.edu.pe\/ulcWeb\/wp-json\/wp\/v2\/users\/3"}],"replies":[{"embeddable":true,"href":"https:\/\/ulc.edu.pe\/ulcWeb\/wp-json\/wp\/v2\/comments?post=3771"}],"version-history":[{"count":14,"href":"https:\/\/ulc.edu.pe\/ulcWeb\/wp-json\/wp\/v2\/pages\/3771\/revisions"}],"predecessor-version":[{"id":7986,"href":"https:\/\/ulc.edu.pe\/ulcWeb\/wp-json\/wp\/v2\/pages\/3771\/revisions\/7986"}],"wp:attachment":[{"href":"https:\/\/ulc.edu.pe\/ulcWeb\/wp-json\/wp\/v2\/media?parent=3771"}],"curies":[{"name":"wp","href":"https:\/\/api.w.org\/{rel}","templated":true}]}}