{"id":3648,"date":"2018-09-03T21:17:09","date_gmt":"2018-09-03T21:17:09","guid":{"rendered":"http:\/\/ulc.edu.pe\/?page_id=3648"},"modified":"2022-09-29T21:37:56","modified_gmt":"2022-09-29T21:37:56","slug":"oficina-de-bienestar-universitario","status":"publish","type":"page","link":"https:\/\/ulc.edu.pe\/ulcWeb\/oficina-de-bienestar-universitario\/","title":{"rendered":"Oficina de Bienestar Universitario"},"content":{"rendered":"<div class=\"wpb-content-wrapper\">[vc_row full_width=&#8221;stretch_row&#8221; css=&#8221;.vc_custom_1536620875046{padding-top: 250px !important;padding-bottom: 50px !important;background-image: url(http:\/\/ulc.edu.pe\/ulcWeb\/wp-content\/uploads\/2018\/09\/ULC_LOGO_Oficina-de-Oficina-de-Bienestar_BANER.jpg?id=3902) !important;background-position: center !important;background-repeat: no-repeat !important;background-size: cover !important;}&#8221; el_class=&#8221;overlay fixed_bg&#8221;][vc_column][vc_custom_heading text=&#8221;&#8221; font_container=&#8221;tag:h1|text_align:left|color:%23ffffff&#8221; use_theme_fonts=&#8221;yes&#8221; subtitle_color=&#8221;#ffffff&#8221; subtitle=&#8221;Funci\u00f3n principal ofrecer a la comunidad universitaria programas y servicios&#8221;][\/vc_column][\/vc_row][vc_row][vc_column width=&#8221;5\/6&#8243;][gt3_spacing height=&#8221;40px&#8221;][vc_tta_tour active_section=&#8221;1&#8243; color=&#8221;juicy-pink&#8221;][vc_tta_section title=&#8221;Presentaci\u00f3n&#8221; tab_id=&#8221;1534871309621-c2172cfb-bdc1&#8243;][vc_text_separator title=&#8221;Definici\u00f3n&#8221; color=&#8221;juicy_pink&#8221; border_width=&#8221;2&#8243;][gt3_spacing height=&#8221;32px&#8221;][vc_column_text]La Oficina Bienestar Universitario, es un \u00f3rgano t\u00e9cnico \u2013 operativo que tiene como funci\u00f3n principal ofrecer a la comunidad universitaria servicios: deportivo, de salud, psicopedagog\u00eda, social y culturales. Es dependiente del Vicerrectorado Acad\u00e9mico.<\/p>\n<p>Sus funciones son las siguientes:<\/p>\n<ol>\n<li>1. Dise\u00f1ar, organizar, dirigir, asesorar y supervisar los de bienestar, en coordinaci\u00f3n con las diferentes Unidades Acad\u00e9micas que conforman la ULC con quienes tienen relaciones funcionales y de coordinaci\u00f3n permanente.<\/li>\n<li>2. Formular y proponer al Consejo Universitario de la ULC el Plan Anual de Bienestar.<\/li>\n<li>3. Programar, dirigir, ejecutar y evaluar las actividades de bienestar, en coordinaci\u00f3n con las unidades acad\u00e9micas de la ULC.<\/li>\n<li>4. Planificar y regular a trav\u00e9s del servicio de Asistencia Social, el sistema de becas que se ofrecer\u00e1 a los estudiantes, becas que pueden ser totales o parciales.<\/li>\n<li>5. Realizar a trav\u00e9s del servicio de Asistencia Social, la categorizaci\u00f3n de estudiantes en lo referente al sistema de pensiones, de acuerdo a un estudio socio econ\u00f3mico y rendimiento acad\u00e9mico.<\/li>\n<li>6. Planificar y promover a trav\u00e9s del servicio de salud, pol\u00edticas de salud y de lucha contra el c\u00e1ncer, realizando un chequeo m\u00e9dico que se ofrecer\u00e1 a los estudiantes, docentes y administrativos, mediante la suscripci\u00f3n de convenios correspondientes.<\/li>\n<li>7. Implementar servicios que integran a la comunidad universitaria a las personas con discapacidad de conformidad con la Ley N\u00ba 29973 Ley general de las personas con discapacidad.<\/li>\n<li>8. Planificar, organizar y ejecutar competencias deportivas internas y la participaci\u00f3n de competencias interinstitucionales, as\u00ed como la formaci\u00f3n de deportistas en las diferentes disciplinas y su participaci\u00f3n en los juegos locales, regionales, nacionales universitarios.<\/li>\n<li>9. Apoyar las actividades de las asociaciones de docentes, estudiantes, graduados y Asociaci\u00f3n de personal docente.<\/li>\n<li>10. Planificar y desarrollar programas de vacaciones \u00fatiles, y otros programas y proyectos de recreaci\u00f3n, educaci\u00f3n social y prevenci\u00f3n, conducentes al Bienestar de la Comunidad Universitaria.<\/li>\n<li style=\"list-style-type: none;\"><\/li>\n<\/ol>\n[\/vc_column_text][vc_column_text][\/vc_column_text][\/vc_tta_section][vc_tta_section title=&#8221;Servicios Generales&#8221; tab_id=&#8221;servicios-generales&#8221;][vc_text_separator title=&#8221;Servicios&#8221; color=&#8221;juicy_pink&#8221; border_width=&#8221;2&#8243;][gt3_spacing height=&#8221;32px&#8221;][vc_btn title=&#8221;`{`descargar`}` Servicios&#8221; size=&#8221;sm&#8221; align=&#8221;left&#8221; i_icon_fontawesome=&#8221;fa fa-file-pdf-o&#8221; css_animation=&#8221;left-to-right&#8221; button_block=&#8221;true&#8221; add_icon=&#8221;true&#8221; el_class=&#8221;font-weight: normal&#8221; link=&#8221;||target:%20_blank&#8221;][\/vc_tta_section][vc_tta_section title=&#8221;Reglamentos y Documentos&#8221; tab_id=&#8221;reglamentos-y-documentos&#8221;][vc_text_separator title=&#8221;Reglamentos&#8221; color=&#8221;juicy_pink&#8221; border_width=&#8221;2&#8243;][gt3_spacing height=&#8221;32px&#8221;][vc_btn title=&#8221;`{`descargar`}` Reglamento de Bienestar Universitario&#8221; size=&#8221;sm&#8221; align=&#8221;left&#8221; i_icon_fontawesome=&#8221;fa fa-file-pdf-o&#8221; css_animation=&#8221;left-to-right&#8221; button_block=&#8221;true&#8221; add_icon=&#8221;true&#8221; el_class=&#8221;font-weight: normal&#8221; link=&#8221;url:https%3A%2F%2Fdrive.google.com%2Ffile%2Fd%2F1Fl164Z0Z8TDnjTKQuWgYjSnE6stLMBQN%2Fview%3Fusp%3Dsharing||target:%20_blank&#8221;][vc_btn title=&#8221;`{`descargar`}` Reglamento de Becas&#8221; size=&#8221;sm&#8221; align=&#8221;left&#8221; i_icon_fontawesome=&#8221;fa fa-file-pdf-o&#8221; css_animation=&#8221;left-to-right&#8221; button_block=&#8221;true&#8221; add_icon=&#8221;true&#8221; el_class=&#8221;font-weight: normal&#8221; link=&#8221;url:https%3A%2F%2Fdrive.google.com%2Ffile%2Fd%2F19Pj44t0LtMGj_f_h4q5n3bP2TYXRBARz%2Fview%3Fusp%3Dsharing||target:%20_blank&#8221;][gt3_spacing height=&#8221;32px&#8221;][vc_text_separator title=&#8221;Documentos de Gesti\u00f3n&#8221; color=&#8221;juicy_pink&#8221; border_width=&#8221;2&#8243;][gt3_spacing height=&#8221;32px&#8221;][vc_btn title=&#8221;`{`descargar`}` Documentos&#8221; size=&#8221;sm&#8221; align=&#8221;left&#8221; i_icon_fontawesome=&#8221;fa fa-file-pdf-o&#8221; css_animation=&#8221;left-to-right&#8221; button_block=&#8221;true&#8221; add_icon=&#8221;true&#8221; el_class=&#8221;font-weight: normal&#8221; link=&#8221;url:http%3A%2F%2Fulc.edu.pe%2Fmedio_ambiente-ulc%2F%231557407625413-c9ada638-f397||target:%20_blank&#8221;][\/vc_tta_section][vc_tta_section title=&#8221;Organigrama&#8221; tab_id=&#8221;1536334997350-5d2e2d23-a813&#8243;][vc_text_separator title=&#8221;Oficinas a Cargo&#8221; color=&#8221;juicy_pink&#8221; border_width=&#8221;2&#8243;][gt3_spacing height=&#8221;32px&#8221;][vc_icon icon_fontawesome=&#8221;fa fa-users&#8221; color=&#8221;juicy_pink&#8221; size=&#8221;lg&#8221; align=&#8221;center&#8221;][vc_custom_heading text=&#8221;GERENCIA GENERAL&#8221; font_container=&#8221;tag:p|text_align:center&#8221; use_theme_fonts=&#8221;yes&#8221;][vc_icon icon_fontawesome=&#8221;fa fa-user-secret&#8221; color=&#8221;juicy_pink&#8221; size=&#8221;lg&#8221; align=&#8221;center&#8221;][vc_custom_heading text=&#8221;RECTOR&#8221; font_container=&#8221;tag:p|text_align:center&#8221; use_theme_fonts=&#8221;yes&#8221;][vc_icon icon_fontawesome=&#8221;fa fa-user&#8221; color=&#8221;juicy_pink&#8221; size=&#8221;lg&#8221; align=&#8221;center&#8221;][vc_custom_heading text=&#8221;VICERRECTORADO ACAD\u00c9MICO&#8221; font_container=&#8221;tag:p|text_align:center&#8221; use_theme_fonts=&#8221;yes&#8221;][vc_icon icon_fontawesome=&#8221;fa fa-users&#8221; color=&#8221;juicy_pink&#8221; size=&#8221;lg&#8221; align=&#8221;center&#8221;][vc_custom_heading text=&#8221;OFICINA DE BIENESTAR UNIVERSITARIO&#8221; font_container=&#8221;tag:p|text_align:center&#8221; use_theme_fonts=&#8221;yes&#8221;][\/vc_tta_section][vc_tta_section title=&#8221;\u00c1rea de Ubicaci\u00f3n&#8221; tab_id=&#8221;area-de-ubicacion&#8221;][vc_text_separator title=&#8221;\u00c1rea de Ubicaci\u00f3n&#8221; color=&#8221;juicy_pink&#8221; border_width=&#8221;2&#8243;][gt3_spacing height=&#8221;32px&#8221;][vc_custom_heading text=&#8221;PABELL\u00d3N A &#8211; PRIMER PISO &#8211; OFICINAS &#8211; \u00c1REA 02&#8243; font_container=&#8221;tag:h4|text_align:center&#8221; use_theme_fonts=&#8221;yes&#8221;][gt3_spacing height=&#8221;32px&#8221;][vc_btn title=&#8221;`{`descargar`}` Ubicaci\u00f3n F\u00edsica de la Oficina&#8221; size=&#8221;sm&#8221; align=&#8221;left&#8221; i_icon_fontawesome=&#8221;fa fa-file-pdf-o&#8221; css_animation=&#8221;left-to-right&#8221; button_block=&#8221;true&#8221; add_icon=&#8221;true&#8221; el_class=&#8221;font-weight: normal&#8221; link=&#8221;||target:%20_blank&#8221;][gt3_spacing height=&#8221;32px&#8221;][vc_btn title=&#8221;`{`descargar`}` Ubicaci\u00f3n Servicios Sociales&#8221; size=&#8221;sm&#8221; align=&#8221;left&#8221; i_icon_fontawesome=&#8221;fa fa-file-pdf-o&#8221; css_animation=&#8221;left-to-right&#8221; button_block=&#8221;true&#8221; add_icon=&#8221;true&#8221; el_class=&#8221;font-weight: normal&#8221; link=&#8221;url:https%3A%2F%2Fdrive.google.com%2Ffile%2Fd%2F1nR3TY1IRnsVHmX4T9ulFwnrfhnktN2OO%2Fview%3Fusp%3Dsharing||target:%20_blank&#8221;][gt3_spacing height=&#8221;32px&#8221;][vc_btn title=&#8221;`{`descargar`}` Ubicaci\u00f3n Servicios Psicopedag\u00f3gicos&#8221; size=&#8221;sm&#8221; align=&#8221;left&#8221; i_icon_fontawesome=&#8221;fa fa-file-pdf-o&#8221; css_animation=&#8221;left-to-right&#8221; button_block=&#8221;true&#8221; add_icon=&#8221;true&#8221; el_class=&#8221;font-weight: normal&#8221; link=&#8221;url:https%3A%2F%2Fdrive.google.com%2Ffile%2Fd%2F1oJUAi0x45wNpv5A4yutieWg7cNzUuidH%2Fview%3Fusp%3Dsharing||target:%20_blank&#8221;][gt3_spacing height=&#8221;32px&#8221;][vc_row_inner][vc_column_inner width=&#8221;1\/6&#8243;][vc_icon icon_fontawesome=&#8221;stm-stm14_office&#8221; color=&#8221;juicy_pink&#8221; css=&#8221;.vc_custom_1575651022381{margin-left: 20px !important;}&#8221;][\/vc_column_inner][vc_column_inner width=&#8221;5\/6&#8243;][vc_column_text css=&#8221;.vc_custom_1575652950770{margin-top: 20px !important;}&#8221;]<a href=\"http:\/\/ulc.edu.pe\/mapa-campus-ulc\/?location=of10\">Ir Mapa Campus ULC<\/a>[\/vc_column_text][\/vc_column_inner][\/vc_row_inner][\/vc_tta_section][vc_tta_section title=&#8221;Contacto&#8221; tab_id=&#8221;1536335072756-d2d907a0-4e1b&#8221;][vc_text_separator title=&#8221;Horario de Atenci\u00f3n&#8221; color=&#8221;juicy_pink&#8221; border_width=&#8221;2&#8243;][gt3_spacing height=&#8221;32px&#8221;][vc_column_text]\n<table style=\"height: 96px;\">\n<tbody>\n<tr style=\"height: 24px;\">\n<td style=\"text-align: center; height: 24px; width: 117px;\">D\u00cdAS<\/td>\n<td style=\"text-align: center; height: 24px; width: 94px;\">TIPO<\/td>\n<td style=\"text-align: center; height: 24px; width: 194px;\">HORAS<\/td>\n<\/tr>\n<tr style=\"height: 72px;\">\n<td style=\"text-align: center; height: 72px; width: 117px;\">MI\u00c9RCOLES Y VIERNES<\/td>\n<td style=\"text-align: center; height: 72px; width: 94px;\">Presencial<\/td>\n<td style=\"text-align: center; height: 72px; width: 194px;\">04:00 PM<br \/>\n08:00 PM<\/td>\n<\/tr>\n<tr>\n<td style=\"text-align: center; width: 117px;\">S\u00c1BADO<\/td>\n<td style=\"text-align: center; width: 94px;\">Presencial<\/td>\n<td style=\"text-align: center; width: 194px;\">08:00 AM<br \/>\n12:00 PM<\/td>\n<\/tr>\n<\/tbody>\n<\/table>\n[\/vc_column_text][gt3_spacing height=&#8221;32px&#8221;][vc_text_separator title=&#8221;Puedes Comunicarte&#8221; color=&#8221;juicy_pink&#8221; border_width=&#8221;2&#8243;][gt3_spacing height=&#8221;32px&#8221;][vc_row_inner][vc_column_inner width=&#8221;1\/2&#8243;][vc_custom_heading text=&#8221;Correo Electr\u00f3nico&#8221; font_container=&#8221;tag:h4|text_align:center&#8221; use_theme_fonts=&#8221;yes&#8221;][vc_column_text]\n<p style=\"text-align: center;\">mrosado@ulc.edu.pe<\/p>\n<p style=\"text-align: center;\">mirearosado@hotmail.com<\/p>\n[\/vc_column_text][\/vc_column_inner][vc_column_inner width=&#8221;1\/2&#8243;][vc_custom_heading text=&#8221;Tel\u00e9fono&#8221; font_container=&#8221;tag:h4|text_align:center&#8221; use_theme_fonts=&#8221;yes&#8221;][vc_column_text]\n<p style=\"text-align: center;\">952520836<\/p>\n[\/vc_column_text][\/vc_column_inner][\/vc_row_inner][\/vc_tta_section][vc_tta_section title=&#8221;Enviar Consulta Directa&#8221; tab_id=&#8221;1536335130794-9adc5c6f-ed46&#8243;][vc_text_separator title=&#8221;Puede enviar su consulta y nos pondremos en contacto&#8221; color=&#8221;juicy_pink&#8221; border_width=&#8221;2&#8243;][gt3_spacing height=&#8221;32px&#8221;]\n<div class=\"wpcf7 no-js\" id=\"wpcf7-f3175-o1\" lang=\"es-PE\" dir=\"ltr\" data-wpcf7-id=\"3175\">\n<div class=\"screen-reader-response\"><p role=\"status\" aria-live=\"polite\" aria-atomic=\"true\"><\/p> <ul><\/ul><\/div>\n<form action=\"\/ulcWeb\/wp-json\/wp\/v2\/pages\/3648#wpcf7-f3175-o1\" method=\"post\" class=\"wpcf7-form init\" aria-label=\"Contact form\" novalidate=\"novalidate\" data-status=\"init\">\n<div style=\"display: none;\">\n<input type=\"hidden\" name=\"_wpcf7\" value=\"3175\" \/>\n<input type=\"hidden\" name=\"_wpcf7_version\" value=\"6.0.6\" \/>\n<input type=\"hidden\" name=\"_wpcf7_locale\" value=\"es_PE\" \/>\n<input type=\"hidden\" name=\"_wpcf7_unit_tag\" value=\"wpcf7-f3175-o1\" \/>\n<input type=\"hidden\" name=\"_wpcf7_container_post\" value=\"0\" \/>\n<input type=\"hidden\" name=\"_wpcf7_posted_data_hash\" value=\"\" \/>\n<\/div>\n<p><label> Ingresar Apellidos Nombres<br \/>\n<span class=\"wpcf7-form-control-wrap\" data-name=\"your-name\"><input size=\"40\" maxlength=\"400\" class=\"wpcf7-form-control wpcf7-text wpcf7-validates-as-required\" aria-required=\"true\" aria-invalid=\"false\" value=\"\" type=\"text\" name=\"your-name\" \/><\/span> <\/label>\n<\/p>\n<p><label> Correo Electr\u00f3nico<br \/>\n<span class=\"wpcf7-form-control-wrap\" data-name=\"your-email\"><input size=\"40\" maxlength=\"400\" class=\"wpcf7-form-control wpcf7-email wpcf7-validates-as-required wpcf7-text wpcf7-validates-as-email\" aria-required=\"true\" aria-invalid=\"false\" value=\"\" type=\"email\" name=\"your-email\" \/><\/span> <\/label>\n<\/p>\n<p><label> N\u00famero Telef\u00f3nico<br \/>\n<span class=\"wpcf7-form-control-wrap\" data-name=\"number-123\"><input class=\"wpcf7-form-control wpcf7-number wpcf7-validates-as-number\" min=\"6\" max=\"9\" aria-invalid=\"false\" value=\"\" type=\"number\" name=\"number-123\" \/><\/span> <\/label>\n<\/p>\n<p><label> Asunto<br \/>\n<span class=\"wpcf7-form-control-wrap\" data-name=\"your-subject\"><input size=\"40\" maxlength=\"400\" class=\"wpcf7-form-control wpcf7-text\" aria-invalid=\"false\" value=\"\" type=\"text\" name=\"your-subject\" \/><\/span> <\/label>\n<\/p>\n<p><label> Consulta<br \/>\n<span class=\"wpcf7-form-control-wrap\" data-name=\"your-message\"><textarea cols=\"40\" rows=\"10\" maxlength=\"2000\" class=\"wpcf7-form-control wpcf7-textarea\" aria-invalid=\"false\" name=\"your-message\"><\/textarea><\/span> <\/label>\n<\/p>\n<p><input class=\"wpcf7-form-control wpcf7-submit has-spinner\" type=\"submit\" value=\"Enviar Consulta a la Oficina\" \/>\n<\/p><div class=\"wpcf7-response-output\" aria-hidden=\"true\"><\/div>\n<\/form>\n<\/div>\n[\/vc_tta_section][\/vc_tta_tour][\/vc_column][vc_column width=&#8221;1\/6&#8243;][gt3_spacing height=&#8221;40px&#8221;][gt3_custom_text text_color=&#8221;#dd3333&#8243; font_size=&#8221;18&#8243;]\n<p style=\"text-align: center;\"><strong>PERSONAL RESPONSABLE<\/strong><\/p>\n[\/gt3_custom_text][gt3_spacing height=&#8221;20px&#8221;][vc_text_separator title=&#8221;&#8221; align=&#8221;align_left&#8221;][gt3_spacing height=&#8221;20px&#8221;][vc_single_image image=&#8221;3422&#8243; img_size=&#8221;full&#8221; alignment=&#8221;center&#8221;][gt3_spacing height=&#8221;20px&#8221;][gt3_custom_text text_color=&#8221;#dd3333&#8243; font_size=&#8221;18&#8243;]\n<p style=\"text-align: center;\">CPC. Daysi Edith Machaca Platero<\/p>\n[\/gt3_custom_text][\/vc_column][\/vc_row][vc_row][vc_column width=&#8221;1\/2&#8243;][gt3_spacing height=&#8221;20px&#8221;][vc_text_separator title=&#8221;Facebook OFICIAL&#8221; color=&#8221;juicy_pink&#8221; border_width=&#8221;2&#8243;][gt3_spacing height=&#8221;20px&#8221;][vc_raw_html]JTNDaWZyYW1lJTIwc3JjJTNEJTIyaHR0cHMlM0ElMkYlMkZ3d3cuZmFjZWJvb2suY29tJTJGcGx1Z2lucyUyRnBhZ2UucGhwJTNGaHJlZiUzRGh0dHBzJTI1M0ElMjUyRiUyNTJGd3d3LmZhY2Vib29rLmNvbSUyNTJGVUxDSU1BJTI2dGFicyUzRHRpbWVsaW5lJTI2d2lkdGglM0QzNDAlMjZoZWlnaHQlM0Q1MDAlMjZzbWFsbF9oZWFkZXIlM0RmYWxzZSUyNmFkYXB0X2NvbnRhaW5lcl93aWR0aCUzRHRydWUlMjZoaWRlX2NvdmVyJTNEZmFsc2UlMjZzaG93X2ZhY2VwaWxlJTNEdHJ1ZSUyNmFwcElkJTNEMjIzODIxNzgxNjQ3ODkwJTIyJTIwd2lkdGglM0QlMjIzNDAlMjIlMjBoZWlnaHQlM0QlMjI1MDAlMjIlMjBzdHlsZSUzRCUyMmJvcmRlciUzQW5vbmUlM0JvdmVyZmxvdyUzQWhpZGRlbiUyMiUyMHNjcm9sbGluZyUzRCUyMm5vJTIyJTIwZnJhbWVib3JkZXIlM0QlMjIwJTIyJTIwYWxsb3dUcmFuc3BhcmVuY3klM0QlMjJ0cnVlJTIyJTIwYWxsb3clM0QlMjJlbmNyeXB0ZWQtbWVkaWElMjIlM0UlM0MlMkZpZnJhbWUlM0U=[\/vc_raw_html][\/vc_column][vc_column width=&#8221;1\/2&#8243;][gt3_spacing height=&#8221;20px&#8221;][vc_text_separator title=&#8221;Facebook OFICIAL&#8221; color=&#8221;juicy_pink&#8221; border_width=&#8221;2&#8243;][gt3_spacing height=&#8221;20px&#8221;][vc_raw_html]JTNDaWZyYW1lJTIwc3JjJTNEJTIyaHR0cHMlM0ElMkYlMkZ3d3cuZmFjZWJvb2suY29tJTJGcGx1Z2lucyUyRnBhZ2UucGhwJTNGaHJlZiUzRGh0dHBzJTI1M0ElMjUyRiUyNTJGd3d3LmZhY2Vib29rLmNvbSUyNTJGUlN1bml2ZXJzaXRhcmlhJTI1MkYlMjZ0YWJzJTNEdGltZWxpbmUlMjZ3aWR0aCUzRDM0MCUyNmhlaWdodCUzRDUwMCUyNnNtYWxsX2hlYWRlciUzRGZhbHNlJTI2YWRhcHRfY29udGFpbmVyX3dpZHRoJTNEdHJ1ZSUyNmhpZGVfY292ZXIlM0RmYWxzZSUyNnNob3dfZmFjZXBpbGUlM0R0cnVlJTI2YXBwSWQlM0QyMjM4MjE3ODE2NDc4OTAlMjIlMjB3aWR0aCUzRCUyMjM0MCUyMiUyMGhlaWdodCUzRCUyMjUwMCUyMiUyMHN0eWxlJTNEJTIyYm9yZGVyJTNBbm9uZSUzQm92ZXJmbG93JTNBaGlkZGVuJTIyJTIwc2Nyb2xsaW5nJTNEJTIybm8lMjIlMjBmcmFtZWJvcmRlciUzRCUyMjAlMjIlMjBhbGxvd1RyYW5zcGFyZW5jeSUzRCUyMnRydWUlMjIlMjBhbGxvdyUzRCUyMmVuY3J5cHRlZC1tZWRpYSUyMiUzRSUzQyUyRmlmcmFtZSUzRQ==[\/vc_raw_html][\/vc_column][\/vc_row]\n<\/div>","protected":false},"excerpt":{"rendered":"<p>[vc_row full_width=&#8221;stretch_row&#8221; css=&#8221;.vc_custom_1536620875046{padding-top: 250px !important;padding-bottom: 50px !important;background-image: url(http:\/\/ulc.edu.pe\/ulcWeb\/wp-content\/uploads\/2018\/09\/ULC_LOGO_Oficina-de-Oficina-de-Bienestar_BANER.jpg?id=3902) !important;background-position: center !important;background-repeat: no-repeat !important;background-size: cover !important;}&#8221; el_class=&#8221;overlay fixed_bg&#8221;][vc_column][vc_custom_heading text=&#8221;&#8221; font_container=&#8221;tag:h1|text_align:left|color:%23ffffff&#8221; use_theme_fonts=&#8221;yes&#8221; subtitle_color=&#8221;#ffffff&#8221; subtitle=&#8221;Funci\u00f3n principal ofrecer a la comunidad universitaria programas y servicios&#8221;][\/vc_column][\/vc_row][vc_row][vc_column width=&#8221;5\/6&#8243;][gt3_spacing height=&#8221;40px&#8221;][vc_tta_tour active_section=&#8221;1&#8243; color=&#8221;juicy-pink&#8221;][vc_tta_section title=&#8221;Presentaci\u00f3n&#8221; tab_id=&#8221;1534871309621-c2172cfb-bdc1&#8243;][vc_text_separator title=&#8221;Definici\u00f3n&#8221; color=&#8221;juicy_pink&#8221; border_width=&#8221;2&#8243;][gt3_spacing height=&#8221;32px&#8221;][vc_column_text]La Oficina Bienestar Universitario, es un \u00f3rgano t\u00e9cnico \u2013 operativo que tiene como funci\u00f3n principal [&hellip;]<\/p>\n","protected":false},"author":3,"featured_media":0,"parent":0,"menu_order":0,"comment_status":"closed","ping_status":"closed","template":"","meta":{"footnotes":""},"class_list":["post-3648","page","type-page","status-publish","hentry"],"_links":{"self":[{"href":"https:\/\/ulc.edu.pe\/ulcWeb\/wp-json\/wp\/v2\/pages\/3648","targetHints":{"allow":["GET"]}}],"collection":[{"href":"https:\/\/ulc.edu.pe\/ulcWeb\/wp-json\/wp\/v2\/pages"}],"about":[{"href":"https:\/\/ulc.edu.pe\/ulcWeb\/wp-json\/wp\/v2\/types\/page"}],"author":[{"embeddable":true,"href":"https:\/\/ulc.edu.pe\/ulcWeb\/wp-json\/wp\/v2\/users\/3"}],"replies":[{"embeddable":true,"href":"https:\/\/ulc.edu.pe\/ulcWeb\/wp-json\/wp\/v2\/comments?post=3648"}],"version-history":[{"count":26,"href":"https:\/\/ulc.edu.pe\/ulcWeb\/wp-json\/wp\/v2\/pages\/3648\/revisions"}],"predecessor-version":[{"id":7968,"href":"https:\/\/ulc.edu.pe\/ulcWeb\/wp-json\/wp\/v2\/pages\/3648\/revisions\/7968"}],"wp:attachment":[{"href":"https:\/\/ulc.edu.pe\/ulcWeb\/wp-json\/wp\/v2\/media?parent=3648"}],"curies":[{"name":"wp","href":"https:\/\/api.w.org\/{rel}","templated":true}]}}