{"id":2698,"date":"2017-10-04T23:19:39","date_gmt":"2017-10-04T23:19:39","guid":{"rendered":"http:\/\/ulc.edu.pe\/?page_id=2698"},"modified":"2017-10-18T22:22:02","modified_gmt":"2017-10-18T22:22:02","slug":"investigacion-proyectos","status":"publish","type":"page","link":"https:\/\/ulc.edu.pe\/ulcWeb\/investigacion-proyectos\/","title":{"rendered":"Investigaci\u00f3n \u2013 Proyectos"},"content":{"rendered":"<div class=\"wpb-content-wrapper\">[vc_row][vc_column width=&#8221;1\/4&#8243;][stm_sidebar sidebar=&#8221;2107&#8243;][\/vc_column][vc_column width=&#8221;3\/4&#8243;][vc_custom_heading text=&#8221;PROYECTOS ULC&#8221; use_theme_fonts=&#8221;yes&#8221;][vc_tta_tabs][vc_tta_section title=&#8221;En Ejecuci\u00f3n&#8221; tab_id=&#8221;1508365200631-5835086a-5246&#8243;][stm_icon_box hide_title_line=&#8221;hide_title_line&#8221; enable_hexagon=&#8221;enable&#8221; enable_hexagon_animation=&#8221;enable&#8221; icon=&#8221;fa fa-cogs&#8221; style=&#8221;icon_left&#8221; icon_size=&#8221;25&#8243; icon_width=&#8221;78&#8243; title=&#8221;Proyecto&#8221;]<span style=\"color: #333333; font-family: arial,helvetica,sans-serif;\"><span style=\"text-transform: none; text-indent: 0px; letter-spacing: normal; font-size: 13.33px; font-style: normal; font-weight: normal; word-spacing: 0px; white-space: normal; orphans: 2; widows: 2; background-color: #ffffff; font-variant-ligatures: normal; font-variant-caps: normal; -webkit-text-stroke-width: 0px; text-decoration-style: initial; text-decoration-color: #636363;\">[sg_popup id=&#8221;14&#8243; event=&#8221;click&#8221;]<\/span><\/span><span style=\"color: #333333; font-family: arial,helvetica,sans-serif; font-size: 13.33px;\"><span style=\"text-transform: none; text-indent: 0px; letter-spacing: normal; font-style: normal; font-weight: normal; word-spacing: 0px; white-space: normal; orphans: 2; widows: 2; background-color: #ffffff; font-variant-ligatures: normal; font-variant-caps: normal; -webkit-text-stroke-width: 0px; text-decoration-style: initial; text-decoration-color: #636363;\"><span style=\"color: #666666; text-transform: none; text-indent: 0px; letter-spacing: normal; font-style: normal; font-weight: normal; word-spacing: 0px; float: none; display: inline !important; white-space: normal; orphans: 2; widows: 2; background-color: #ffffff; font-variant-ligatures: normal; font-variant-caps: normal; -webkit-text-stroke-width: 0px; text-decoration-style: initial; text-decoration-color: initial;\">Determinaci\u00f3n de los cambios potenciales en la extensi\u00f3n y distribuci\u00f3n geogr\u00e1fica de las zonas de vida de la regi\u00f3n Tacna asociadas al cambio clim\u00e1tico<\/span><\/span><\/span><span style=\"font-family: arial,helvetica,sans-serif;\"><span style=\"color: #666666; font-size: 13.33px;\">.<\/span><span style=\"color: #333333;\"><span style=\"text-transform: none; text-indent: 0px; letter-spacing: normal; font-size: 13.33px; font-style: normal; font-weight: normal; word-spacing: 0px; white-space: normal; orphans: 2; widows: 2; background-color: #ffffff; font-variant-ligatures: normal; font-variant-caps: normal; -webkit-text-stroke-width: 0px; text-decoration-style: initial; text-decoration-color: #636363;\">[\/sg_popup]<\/span>\u00a0<\/span><\/span>[\/stm_icon_box][stm_icon_box hide_title_line=&#8221;hide_title_line&#8221; enable_hexagon=&#8221;enable&#8221; enable_hexagon_animation=&#8221;enable&#8221; icon=&#8221;fa fa-cogs&#8221; style=&#8221;icon_left&#8221; icon_size=&#8221;25&#8243; icon_width=&#8221;78&#8243; title=&#8221;Proyecto&#8221;]<span style=\"color: #333333; font-family: arial,helvetica,sans-serif;\"><span style=\"text-transform: none; text-indent: 0px; letter-spacing: normal; font-size: 13.33px; font-style: normal; font-weight: normal; word-spacing: 0px; white-space: normal; orphans: 2; widows: 2; background-color: #ffffff; font-variant-ligatures: normal; font-variant-caps: normal; -webkit-text-stroke-width: 0px; text-decoration-style: initial; text-decoration-color: #636363;\">[sg_popup id=&#8221;20&#8243; event=&#8221;click&#8221;]<\/span><\/span><span style=\"font-family: arial,helvetica,sans-serif;\"><span style=\"color: #666666; font-size: 13.33px;\">Evaluaci\u00f3n de concordancia inter observador en estudios epidemiol\u00f3gicos de salud\u00a0 dental en escolares, Tacna 2016.<\/span><span style=\"color: #333333;\"><span style=\"text-transform: none; text-indent: 0px; letter-spacing: normal; font-size: 13.33px; font-style: normal; font-weight: normal; word-spacing: 0px; white-space: normal; orphans: 2; widows: 2; background-color: #ffffff; font-variant-ligatures: normal; font-variant-caps: normal; -webkit-text-stroke-width: 0px; text-decoration-style: initial; text-decoration-color: #636363;\">[\/sg_popup]<\/span>\u00a0<\/span><\/span>[\/stm_icon_box][\/vc_tta_section][vc_tta_section title=&#8221;Terminado&#8221; tab_id=&#8221;1508365200826-b0db5790-5005&#8243;][\/vc_tta_section][\/vc_tta_tabs][\/vc_column][\/vc_row]\n<\/div>","protected":false},"excerpt":{"rendered":"<p>[vc_row][vc_column width=&#8221;1\/4&#8243;][stm_sidebar sidebar=&#8221;2107&#8243;][\/vc_column][vc_column width=&#8221;3\/4&#8243;][vc_custom_heading text=&#8221;PROYECTOS ULC&#8221; use_theme_fonts=&#8221;yes&#8221;][vc_tta_tabs][vc_tta_section title=&#8221;En Ejecuci\u00f3n&#8221; tab_id=&#8221;1508365200631-5835086a-5246&#8243;][stm_icon_box hide_title_line=&#8221;hide_title_line&#8221; enable_hexagon=&#8221;enable&#8221; enable_hexagon_animation=&#8221;enable&#8221; icon=&#8221;fa fa-cogs&#8221; style=&#8221;icon_left&#8221; icon_size=&#8221;25&#8243; icon_width=&#8221;78&#8243; title=&#8221;Proyecto&#8221;][sg_popup id=&#8221;14&#8243; event=&#8221;click&#8221;]Determinaci\u00f3n de los cambios potenciales en la extensi\u00f3n y distribuci\u00f3n geogr\u00e1fica de las zonas de vida de la regi\u00f3n Tacna asociadas al cambio clim\u00e1tico.[\/sg_popup]\u00a0[\/stm_icon_box][stm_icon_box hide_title_line=&#8221;hide_title_line&#8221; enable_hexagon=&#8221;enable&#8221; enable_hexagon_animation=&#8221;enable&#8221; icon=&#8221;fa fa-cogs&#8221; style=&#8221;icon_left&#8221; icon_size=&#8221;25&#8243; icon_width=&#8221;78&#8243; title=&#8221;Proyecto&#8221;][sg_popup id=&#8221;20&#8243; event=&#8221;click&#8221;]Evaluaci\u00f3n [&hellip;]<\/p>\n","protected":false},"author":3,"featured_media":0,"parent":0,"menu_order":0,"comment_status":"closed","ping_status":"closed","template":"","meta":{"footnotes":""},"class_list":["post-2698","page","type-page","status-publish","hentry"],"_links":{"self":[{"href":"https:\/\/ulc.edu.pe\/ulcWeb\/wp-json\/wp\/v2\/pages\/2698","targetHints":{"allow":["GET"]}}],"collection":[{"href":"https:\/\/ulc.edu.pe\/ulcWeb\/wp-json\/wp\/v2\/pages"}],"about":[{"href":"https:\/\/ulc.edu.pe\/ulcWeb\/wp-json\/wp\/v2\/types\/page"}],"author":[{"embeddable":true,"href":"https:\/\/ulc.edu.pe\/ulcWeb\/wp-json\/wp\/v2\/users\/3"}],"replies":[{"embeddable":true,"href":"https:\/\/ulc.edu.pe\/ulcWeb\/wp-json\/wp\/v2\/comments?post=2698"}],"version-history":[{"count":10,"href":"https:\/\/ulc.edu.pe\/ulcWeb\/wp-json\/wp\/v2\/pages\/2698\/revisions"}],"predecessor-version":[{"id":2702,"href":"https:\/\/ulc.edu.pe\/ulcWeb\/wp-json\/wp\/v2\/pages\/2698\/revisions\/2702"}],"wp:attachment":[{"href":"https:\/\/ulc.edu.pe\/ulcWeb\/wp-json\/wp\/v2\/media?parent=2698"}],"curies":[{"name":"wp","href":"https:\/\/api.w.org\/{rel}","templated":true}]}}